*2 - 1/6*l**3 + 0 - 1/12*l**4. Give c(4).
7
Suppose j + 2*y = 3, -2*y = 4*j - 0*y. Let z be (4/((-8)/(-2)))/j. Let x(f) = -7*f. Calculate x(z).
7
Let q(m) = 3*m**3 + 29*m**2 - 17*m + 6. Let l = -37 + 20. Let r(g) = g**3 + 10*g**2 - 6*g + 2. Let o(p) = l*r(p) + 6*q(p). Suppose 3*c = -3 - 9. Calculate o(c).
2
Let s(t) = -9*t + 11*t - 11 + 2*t - 2*t. Give s(10).
9
Let s = 1 - -1. Let k(p) = p**2 + 4*p - 1. Let j be k(-5). Let f(m) = m + s - j*m + 2. Determine f(3).
-5
Let t(m) = -4*m + 7. Suppose 2*h = 3*v - 3, -3*h + 48 - 5 = 5*v. Calculate t(h).
-17
Suppose 0 = -31*h + 37*h. Let l(i) = i - 16. Calculate l(h).
-16
Let b(x) = x + 5. Let w(k) be the third derivative of -k**4/12 - k**3 + 2*k**2. Let g(a) = 5*b(a) + 4*w(a). Determine g(2).
-5
Let f = -14 - -9. Let q(a) = -2 - a - 3 + 0. Calculate q(f).
0
Let z(h) be the third derivative of h**5/60 - h**4/6 + h**3/2 + 23*h**2. Give z(3).
0
Let r(x) = x**2 + 7*x + 6. Let t(c) = -7*c + 2*c**2 - c**2 - 1 + 8*c + 3*c**3. Let n be t(1). Suppose 3*j - 21 - 8 = n*s, 3*j + 16 = -5*s. Give r(s).
-4
Suppose 2 + 4 = 3*d. Suppose -d - 13 = 5*i. Let j(s) = -s**2 - 6*s - 2. What is j(i)?
7
Let h(m) be the third derivative of m**4/4 - m**3/6 - m**2. Let j be 4/16*4*0. Suppose j = 5*i - 22 + 7, -5*o + 17 = 4*i. Calculate h(o).
5
Let m(y) = -3*y**2 + 5*y + 4. Let b(k) = -k**2 + 1. Let g(j) = 4*b(j) - m(j). Give g(-4).
4
Let x(l) = l**3 + 4*l**2 - l - 5. Let a(d) = d**2 - 5*d - 2. Let y be a(6). Suppose r = -y*m - 13, m + 4*r - 4 = 4. Give x(m).
-1
Let b(i) = 10*i - 1. Let v be 6/4*2 - -2. Let l be 1/((-1)/(-6))*-1. Let o(w) = 11*w - 1. Let p(s) = l*b(s) + v*o(s). Calculate p(-1).
6
Let c = 41 - 48. Let p(j) = j**3 + 7*j**2 - j - 1. Calculate p(c).
6
Let c(u) = -u**2 + u. Let y(s) = s**2 + 3*s + 7. Let q(i) = -2*c(i) - y(i). What is q(5)?
-7
Let v(w) = 3*w**2 - 3*w. Let p be v(2). Let m(i) be the third derivative of i**6/120 - i**5/10 - i**4/24 + 2*i**3/3 + i**2. What is m(p)?
-2
Let w be 1/(-3) - (-40)/12. Let j(h) = -3*h + 4. Calculate j(w).
-5
Let t = 13 - 40. Let h be 3*3*(-6)/t. Let v(j) = -5*j + 2. Give v(h).
-8
Let q(s) be the second derivative of s**7/2520 - s**6/180 - s**5/60 + s**4/4 - 4*s. Let l(n) be the third derivative of q(n). Determine l(4).
-2
Let d(u) = -15*u + 14*u - 4 + 4. Let h = 9 + -4. Suppose -h*t - 8 = -t. Determine d(t).
2
Let k(z) = -z**2 + 2 + 3*z - 2*z + 0*z. Let u = 9 + -8. Suppose u = -4*p + 9. Calculate k(p).
0
Let k(o) = -o**2 - 5*o - 6. Let u(n) = -4*n - 4. Let g(x) = x**3 - 6*x**2 - 6. Let q be g(6). Let y be u(q). Suppose -7*d = -2*d + y. Give k(d).
-2
Let q(n) = n**2 - 2*n + 1. Suppose -19 = -2*j + 4*v + 3, -5*j + 3*v + 27 = 0. Calculate q(j).
4
Let k(i) = 9*i**3 - 21*i**2 - 19*i. Let n(p) = 4*p**3 - 10*p**2 - 9*p. Let a(y) = -6*k(y) + 13*n(y). Calculate a(-2).
6
Let f(n) = -3*n**3 + 9*n**2 - 4*n - 5. Let r(a) be the first derivative of a**4/2 - 8*a**3/3 + 5*a**2/2 + 6*a + 3. Let q(u) = -3*f(u) - 4*r(u). Give q(-6).
3
Let v(h) = h**3 + 3*h**2 + h - 19. Let l(j) = -j**2 - j + 1. Let u(t) = -2*l(t) - v(t). Give u(0).
17
Suppose -5*r + 40 = -2*q, 0*r - 2*r - 5*q = -16. Let f be (-35)/28 - 6/r. Let s(m) = -3*m. Give s(f).
6
Let i(q) = 5*q**2 - q + 2. Let g(d) = 4*d**2 - 2*d + 2. Let x(o) = 4*g(o) - 3*i(o). Calculate x(5).
2
Suppose 7*k = 2*k + 50. Let n = k - 14. Let u be n - (0/3 - 2). Let o(f) = -f**3 - 3*f**2 - 2*f - 3. What is o(u)?
-3
Let p(s) = 13*s**2 - 4*s + 24. Let r(d) = 3*d**2 - d + 6. Let q(o) = 2*p(o) - 9*r(o). Determine q(0).
-6
Let d(c) be the second derivative of -c**3/6 - c - 16. Let g(n) = n**3 - 5*n**2 - 7*n + 9. Let f be g(6). Suppose 18 = -3*j + f. Determine d(j).
5
Let n be 3/9*0*(-6)/24. Let q(a) be the second derivative of -1/12*a**4 + 3*a + 7/2*a**2 + 1/20*a**5 + 1/6*a**3 + n. Calculate q(0).
7
Let u(n) be the third derivative of -n**6/360 + n**5/24 + n**4/6 - n**3/6 + 3*n**2. Let i(s) be the first derivative of u(s). What is i(6)?
-2
Let d be 0 - 0/(-2 + -1). Let j(g) = -3*g + d - g**2 - 1 - 4*g + 8*g. Determine j(0).
-1
Let a(o) = 2*o - 10. Let z be a(7). Let s(g) = 2*g - z*g**2 + 6 + 3*g**3 + 0*g**3 - 4*g**3. What is s(-4)?
-2
Let s be 1*-7*(-2 + 1). Let x = -10 + s. Let z(t) = 3*t + 1. Calculate z(x).
-8
Suppose -2*h - 4 = -v - 3*h, -2*v + 18 = -3*h. Let s(p) = p**2 - 6*p - 3. Determine s(v).
-3
Let z(q) = -2*q**2 + 2*q - 1. Suppose 2*l + 1 = 5. What is z(l)?
-5
Let n(t) = -t**3 - 4*t**2 + 12*t + 1. Let p be n(-6). Let o(y) be the third derivative of -7*y**5/60 - y**3/6 + 3*y**2. Give o(p).
-8
Let o(h) = h + 1. Let g(t) = -t**2 - 10*t - 5. Let a(r) = g(r) + 5*o(r). Determine a(-6).
-6
Let c(h) = 14*h**2 + 18*h + 14. Let y(b) = -5*b**2 - 6*b - 5. Let q(t) = 4*c(t) + 11*y(t). Give q(-6).
1
Let g(o) = o - 8. Let x be 528/64 - 6/(-8). What is g(x)?
1
Let h = -7 + 11. Suppose -5*n = w - 8 - 4, w - 42 = 5*n. Suppose h*p = -5*k - w, -4*k - 3 = -2*p - k. Let v(b) = -b**3 - 3*b**2 + 3. Give v(p).
3
Let h(x) be the third derivative of -x**5/60 - 5*x**4/12 + 11*x**3/6 - 6*x**2 + 4. What is h(-11)?
0
Suppose -u + 7 = a - 0, -4*u + 3*a = -35. Suppose 0 = j - 3*j + u. Let z(f) = -f**3 + 4*f**2 + 3. What is z(j)?
3
Let j(r) = 3*r - 14. Let s be 2/(-13) - 178/26. Let m(n) = -n + 5. Let i be 2/4*(-4)/1. Let u(f) = i*j(f) + s*m(f). Determine u(6).
-1
Let r(t) = -7*t**3 - 3*t**2 - 3*t - 5. Let d(o) = -4*o**3 - o**2 - 2*o - 3. Let g(v) = 5*d(v) - 3*r(v). What is g(-3)?
12
Suppose -48 + 13 = -7*r. Let z(h) = h**2 - 3*h - 5. What is z(r)?
5
Let w = -7 - -2. Let j be (3 - 1) + w*1. Let n(z) be the third derivative of z**5/60 + z**4/12 + z**3/6 - z**2. Determine n(j).
4
Let d(z) = 2*z + 3. Suppose 3*u = -0*l - 3*l, -5 = 2*u + l. Calculate d(u).
-7
Let q(z) = -4*z + 9*z - 3 + 2*z - z**2. Calculate q(5).
7
Let i(g) = 7*g**3 - 2*g**2 - g - 2. Let z(k) = -29*k**3 + 9*k**2 + 4*k + 9. Let p(x) = 9*i(x) + 2*z(x). What is p(1)?
4
Suppose -4*q = -4, x + 0 = 4*q + 1. Suppose x*b = -0*b - 25. Let k(y) = 1. Let w(f) = 2*f + 6. Let m(d) = -2*k(d) + w(d). Give m(b).
-6
Let o(q) be the second derivative of 1/12*q**4 + 1/3*q**3 - 2*q + 0 - 3/2*q**2. What is o(-4)?
5
Let n(h) be the first derivative of -5*h**3/3 - h**2/2 + h + 7. What is n(1)?
-5
Let y(k) = k - 2. Let i(t) = t - 2. Let c(g) = -5*i(g) + 4*y(g). Let j(s) = s**2 - 7*s + 8. Let o be j(6). Determine c(o).
0
Suppose 4*u - 4 = -0*u. Let b(r) = -7*r + 5. Let k(c) = 7*c - 4. Let y(i) = -5*b(i) - 6*k(i). Determine y(u).
-8
Let h(o) be the third derivative of -o**6/120 + 2*o**5/15 - o**4/24 + 5*o**3/3 - 8*o**2. Calculate h(8).
2
Let s(a) = -16*a**3 + 4*a**2 + 2*a + 1. Let v(b) = 16*b**3 - 5*b**2 - 2*b - 1. Let l(x) = 5*s(x) + 4*v(x). Determine l(-1).
15
Let u(i) = 6*i + 4. Let t be u(6). Let w be 4/(-6) - t/12. Let b(z) = -z. Let d(h) = -6*h - 1. Let v(a) = -5*b(a) + d(a). Calculate v(w).
3
Let c(z) be the first derivative of z**6/120 - z**5/20 + 2*z**2 - 3. Let v(u) be the second derivative of c(u). Give v(3).
0
Let h(s) = -4*s**3 + 3*s**2 + 234*s + 0*s**3 - 232*s + 5*s**3. Determine h(-2).
0
Let a(r) = r + 15. Let f = -12 + 12. What is a(f)?
15
Suppose 5*z = 0, w - 3*z + z - 1 = 0. Let n(x) = 0 + 0 - x**2 + w. Let f = -15 - -12. Determine n(f).
-8
Let j(b) = 1. Let a(o) = o. Let m(h) = a(h) - 2*j(h). What is m(0)?
-2
Let z = 4 - 3. Suppose g - 2*l - z = -2*g, 2*g = -5*l + 7. Let v(i) = i**3 + i + 16. Let y(k) = 3. Let s(o) = 2*v(o) - 11*y(o). Calculate s(g).
3
Let n(h) be the second derivative of -h**5/20 - h**4/6 + 2*h**3/3 + 3*h**2/2 + 2*h. Let t be (-4 - (-1 + -1)) + 6. Suppose -t*k - 8 = 4. What is n(k)?
0
Let s(i) = 7*i - 3*i**2 + 2*i**2 + 3 + 0*i**2. Calculate s(6).
9
Let p(c) be the first derivative of -5*c**2/2 + 4*c - 1. Let l(y) be the third derivative of y**4/4 - y**3/2 + y**2. Let q(f) = 2*l(f) + 3*p(f). Calculate q(4).
-6
Let h(r) = -r**2 + 6*r - 5. Let s be h(4). Suppose 0 = s*f - 6*f. Let g(w) = -w + 5. What is g(f)?
5
Let b(c) be the second derivative of -c**4/12 + 11*c**3/6 - 5*c**2/2 - 20*c. Give b(10).
5
Let h(d) = d**2 + 6*d - 9. Suppose 3*z + 20 = -5*w, z + 2 = -2*w + w. Determine h(w).
-2
Let b(v) = v**2 - 2*v - 4. Let c be (1 + 1/(-2))*8. Let l be b(c). Let s(i) be the third derivative of i**4/24 + 2*i**3/3 + 2*i**2. Determine s(l).
8
Let h(z) = -z**3 + 2*z**2 + 2*z - 1. Let a(i) = -3*i**3 + 1. Let j be a(-1). S